2 + 34*v. Let m be b(-5). Let h(s) = 4*s - 1. Determine h(m).
3
Let c be (124/186)/((-2)/(-36)). Let g(a) = a**2 - 10*a - 3. What is g(c)?
21
Let f(c) = 4*c**3 + 7*c + 10 - 268*c**2 - 5*c**3 - 4 + 264*c**2. What is f(-5)?
-4
Let t(a) = -3552*a + 7108*a - 3553*a. Let g(j) = j - 1. Let r be g(4). Let u = 6 - r. What is t(u)?
9
Let b(h) = 4*h + 4. Let f(q) = q. Let v(k) = b(k) - 3*f(k). What is v(-8)?
-4
Let c(j) = 3*j**2 + 5*j - 3. Let s be c(-2). Let g(t) = 4*t**2 - 2*t - 1. Determine g(s).
5
Let y = -3 - -14. Let j(w) = 6*w**2 - 5*w + 61. Let n(k) = k**2 - k + 12. Let l(h) = y*n(h) - 2*j(h). Calculate l(0).
10
Let c(y) = 9*y**2 + 7*y + 22. Let f(g) = -2*g**2 - 1. Let o(t) = c(t) + 5*f(t). What is o(9)?
-1
Let b(j) = 2*j**2 + 17*j - 5. Let q(l) = 3*l**2 + 33*l - 9. Let g(w) = -5*b(w) + 3*q(w). Let r be g(14). Let i(x) = x**3 + 2*x**2 + 3*x + 1. Determine i(r).
-5
Suppose -5*q - d = 17, 0 = -q - 2*d - 0 + 2. Let c(y) = -3*y - 11*y**2 + 6*y**2 + 0 - 8 + 2 - y**3. Calculate c(q).
-10
Suppose -2*u = -55 + 5. Suppose 0 = -3*d + 4*k + 22 + 10, 5*k = -u. Let s(x) = x**2 - 4*x - 1. Calculate s(d).
-1
Suppose 175*d = 177*d - 10. Let x(s) be the third derivative of s**5/60 - s**4/12 - s**3 - 2*s**2. Give x(d).
9
Let a(m) = m**3 + 10*m**2 + 8*m - 12. Let g be a(-9). Let x(h) = 1 - h - 3*h**2 + 3*h + h - 2*h**3. Calculate x(g).
19
Let i(z) = -125 + 258 + 4*z - 127 - z**2. Give i(5).
1
Let a(j) = 5*j**2 - 2*j - 3. Let h(s) = 6*s**2 - 3*s - 3. Let b = 86 - 52. Suppose 4*v + b - 14 = 0. Let p(l) = v*a(l) + 4*h(l). What is p(-5)?
-12
Let h(c) be the third derivative of c**9/60480 + c**8/4032 + c**7/1260 + c**5/12 - 11*c**2. Let j(x) be the third derivative of h(x). Calculate j(-4).
0
Let g(y) = -2*y - 3. Let j(b) = -b**3 - 5. Let f(z) = z - 8. Let i be f(0). Let x(h) = h**2 + 10*h + 16. Let s be x(i). Let q be j(s). What is g(q)?
7
Let q(p) = -p. Let w(z) = 0 - 46*z**2 + 10*z + 47*z**2 - 8. Let n(a) = -6*q(a) - w(a). Give n(-6).
-4
Let d = -84 + 82. Let k(p) be the first derivative of 7*p**2/2 + p + 15. Calculate k(d).
-13
Let m(z) = -z**3 - 8*z**2 + 7*z - 22. Let x = -1795 - -1786. What is m(x)?
-4
Let h(y) = -14*y - 1. Suppose 4*w + 5 = -3*c + 5*w, 4*w = 8. Calculate h(c).
13
Let t(f) = -3*f**3 + 4*f**2 - 2*f. Suppose -8 = 11*q - 15*q. What is t(q)?
-12
Let y(g) = -g**2 + 3*g - 1. Let t(c) = c**2 - 4*c + 1. Let i(f) = 3*t(f) + 2*y(f). Let q = 14 + -9. Suppose 3*n = q*n - 8. Give i(n).
-7
Let c(m) = -3*m**3 - m**2 - 5*m - 2. Let x be c(-1). Let o(y) = -y + 1. Give o(x).
-4
Let w = 107 + -108. Let c(d) = 4*d**3 + 2*d**2 + d. Give c(w).
-3
Let s = 13 + -5. Suppose 0*l + f - s = -3*l, -4*l - f + 12 = 0. Let y(j) = 2 - 2*j - j + l*j**2 + j**3 + 5*j. Give y(-3).
5
Let n = -6 - -9. Let o(s) = 3*s**2 - s + 2. Let a(z) = -2 - 1 - 3*z**2 + 6*z - 2*z**2 - 5*z. Let w(p) = -4*a(p) - 7*o(p). Calculate w(n).
-2
Let i be 192/18 + 2/(-3). Let x(a) = -4 - a - 6 + 1 + i. What is x(8)?
-7
Suppose 4*q + 31 = 7. Let h(k) = -k**2 - 7*k. Let f be h(q). Let b(c) = 13*c - f - 1 - 8*c + c**2 - 1. Give b(-6).
-2
Suppose -3*r = -6*r + 6. Let j(l) be the second derivative of -7*l**3/6 + 30*l - 5. Give j(r).
-14
Suppose -31*d = 32 + 61. Let w(c) = -4 - c - 7*c**2 + 3*c**2 - 2*c - c**3. Calculate w(d).
-4
Suppose 5*u - 3*u - 344 = 0. Let n = u + -165. Let z(m) = -m**2 + 9*m - 4. Determine z(n).
10
Suppose 3*q - 2*q + 4*i + 2 = 0, 4*i = -2*q. Suppose -z = -2 + 1. Let j(y) = y + z - 1 + 1 + y**2 - 3. What is j(q)?
4
Let s(t) = -7*t**3 - 16*t**2 + 18*t - 8. Let o(p) = -3*p**3 - 8*p**2 + 9*p - 4. Let n(a) = 5*o(a) - 2*s(a). Give n(-9).
-4
Let k be (-26 + 21)/(1 - 0). Let y(l) = -l**3 - 4*l**2 + 5. Determine y(k).
30
Suppose -4*f + 18 = 3*a, f - 5*f + 3*a + 30 = 0. Suppose -3*r = 3*l - f, 3*l - 5*r = 3 - 5. Let v(k) = 10*k**3 + k. Calculate v(l).
11
Let n(c) = 4*c**2 + 3*c - 34. Let a(u) = 3*u**2 + 2*u + 3. Let m(r) = -a(r) + n(r). Give m(-7).
5
Let r be (-1)/(-4) + 852/48. Let o(l) = r - 18 + 2*l - l. Calculate o(2).
2
Suppose f - 5 = -n, 4*f = -4*n + f + 24. Suppose m - 8 = -5*p, -n - 3 = -4*m. Let y(q) = 4*q - 1. Determine y(p).
3
Let m = 11 - 7. Let a be ((-9)/m - -3)*(-3 + 7). Let f(y) = 6*y + 4. Calculate f(a).
22
Let c(j) be the second derivative of -1/12*j**4 - 5/6*j**3 + 0 + 1/2*j**2 - 4*j. Calculate c(-4).
5
Let a(m) = -6 + 93*m**2 - 186*m**2 + 92*m**2 - 8*m. What is a(-8)?
-6
Let n(g) = g - 6. Let x be n(8). Suppose 0*s = x*s - 10. Suppose -5*q = -s, -h - 2 = 2*h - 2*q. Let w(u) = u + 12. What is w(h)?
12
Let f(c) = c + 2. Let u(r) = -r**2 + 2*r - 11. Let a(n) = -4*f(n) - u(n). Let k = 5 + -3. Determine a(k).
-5
Let p(y) = y**3 + y**2 - 5*y - 6. Suppose -8*m = -3*m + 20. Give p(m).
-34
Let s(q) = -q**2 - q - 491 - 4*q**3 - 479 - q + 969. Calculate s(-1).
4
Suppose c = -3*t - 6, -4*c = -t + 4*t + 6. Let j(n) be the second derivative of n**4/12 + 9*n**2/2 - 250*n. What is j(c)?
9
Let h be (-110)/6 - 3/(-9). Let d be (-1)/(3/h*-3). Let l = -5 - d. Let w(a) = a**2 + 3*a - 3. Give w(l).
-3
Suppose 0*h = 3*h - 12. Let x(l) = -7 + l + 0*l**2 + l**2 - l - h*l. Let b(a) = -a**3 + 4*a**2 + 3*a - 5. Let n be b(4). Give x(n).
14
Let s(j) be the second derivative of -j**4/12 + 2*j**3/3 - 39*j + 1. Suppose -2*r = -3*r + 20. Suppose -3*g - 5 = -r. What is s(g)?
-5
Suppose y + 3*c = 5*c + 12, -2*y + 2*c + 14 = 0. Let j(h) = 236 - 7*h**y - 229 - 5*h + 4*h**3 - 5*h**3. Calculate j(-6).
1
Suppose 4*v + o = 3*v, -v + 3*o + 16 = 0. Let c(w) = -21*w + 34*w - 2*w**2 + v*w**2 - 15*w. Determine c(2).
4
Let l(w) be the first derivative of -w**4/12 - w**3/6 + 8*w**2 - 4. Let s(z) be the second derivative of l(z). Calculate s(9).
-19
Let f(h) = 3 - 6*h + 3*h - 13. Give f(-4).
2
Let t(r) = 5*r - 10. Let u(v) = 9*v - 18. Let l(d) = -11*t(d) + 6*u(d). Suppose 3*g - 2 + 14 = 0. Give l(g).
6
Let t = -903 + 910. Let k(p) = -p**2 + 9*p - 5. What is k(t)?
9
Let w(i) be the second derivative of 0 + 2/3*i**3 + 2*i + 1/20*i**5 - 1/4*i**4 - i**2. Let t be (-6)/4*((-80)/15 + 4). Calculate w(t).
2
Let r(j) = j + 2. Let q be -1 + (1 - -2) - 1. Let g(w) = q - 3 + 5*w - 6*w - w**2 - w. Let o be g(-3). Give r(o).
-3
Suppose 4*n = 4*g, 4*n + 0 - 4 = 2*g. Let u(c) = 4*c**2 - g*c**2 - 2*c - 3*c**2. Let v(k) = -k**3 + 4*k**2 - 2. Let r be v(4). Calculate u(r).
0
Let p(d) = 8*d + 4. Suppose -8*k + 6*k + 24 = -4*n, 8 = 4*k + 2*n. Give p(k).
36
Let r be 1 - (8 - 1 - 1). Let i(z) be the second derivative of z**3/6 + z**2/2 - 529*z. What is i(r)?
-4
Let o(m) = m**3 + 5*m**2 + 4*m + 1. Suppose 3*l = -5*i - 7, -2*i + 6 - 13 = -3*l. Let f be (-132)/36 - l/3. Calculate o(f).
1
Let x(q) be the first derivative of q**2/2 + 2*q + 59. Calculate x(-7).
-5
Let l(m) = 17*m + 90. Let i be l(-6). Let q(y) = -y**3 - 12*y**2 - 2*y - 16. What is q(i)?
8
Let b(i) = -3*i**3 + 16 + 4*i**2 + 0*i - 3*i + 16 + 4*i**3 - 39. Determine b(-5).
-17
Let u(k) be the third derivative of 0*k - 1/3*k**3 - k**2 + 0 + 1/8*k**4. Let f(s) = -s**2 - 5*s + 41. Let x be f(-9). What is u(x)?
13
Suppose r + 5*b + 40 - 11 = 0, -4*r - 36 = 4*b. Let f be 20/(-6)*6/r. Let k(o) = -7 + 14 - 9 + 2*o - 5. What is k(f)?
3
Let v(h) = h**3 + 7*h**2 - h - 2. Let b be v(-7). Suppose 6 = b*t - 2*t + 3*n, 5*t + 3*n = 4. Let q(c) = 10*c - 1. What is q(t)?
-11
Let w be 0 + 20 - 138/23. Let b(y) = -y**2 + 16*y - 28. Determine b(w).
0
Let x(t) = -2*t**3 - t**2 - t + 1. Let s(d) = 3*d**3 - 7*d**2 - 10*d + 21. Let k(c) = -s(c) - x(c). Calculate k(9).
-4
Let a(o) = 2*o**2 - 26*o + 28. Let c be a(12). Let d(f) = -c*f**2 + 50*f**3 - 2 - 49*f**3 + 5*f - 3. Calculate d(4).
15
Let d(u) = u**3 - 7*u**2 + 3*u - 10. Let z(b) = b**3 + 11*b**2 - 4. Let m be z(-11). Let i(t) = -t + 3. Let k be i(m). Determine d(k).
11
Let z(o) = o**3 - o**2 - o + 1. Let a be z(1). Let s(i) be the first derivative of -i**3/3 + i**2/2 - 11*i - 4697. Give s(a).
-11
Let t(q) be the first derivative of -3*q**2 + 10*q + 120. What is t(4)?
-14
Let b(q) = -q**2 + 41*q - 40. Let w be b(40). Let o(j) be the second derivative of j**4/12 - j**3/6 - 11*j**2/2 - j. Determine o(w).
-11
Let r(q) = q**2 - 4*q - 1. Suppose -5*o - v + 17 = 0, 0 - 4 = 2*o - 5*v. What is r(o)?
-4
Let l(k) = 341 - 2*k - 695 + 368. Give l(19).
-24
Let h(k) be the first derivative of k**3/3 - 3*k**2 + 3*k - 99. Suppose -7*r + 20 = -2*r. Give h(r).
-5
Let b(f) = 